{"id":1092,"date":"2026-08-31T21:50:39","date_gmt":"2026-08-31T20:50:39","guid":{"rendered":"https:\/\/efb.at\/?page_id=1092"},"modified":"2026-09-03T22:06:46","modified_gmt":"2026-09-03T21:06:46","slug":"14-october-2026-treffpunkt-europa","status":"publish","type":"page","link":"https:\/\/efb.at\/?page_id=1092","title":{"rendered":"14. October 2026 &#8211; Treffpunkt Europa"},"content":{"rendered":"\n<ul class=\"wp-block-list\">\n<li>Tuesday, 14. October 2026, 6:00 PM&nbsp;<\/li>\n\n\n\n<li>Caf\u00e9 Ministerium | Georg-Coch-Platz 4 \/ Stubenring 6, 1010 Vienna<\/li>\n<\/ul>\n\n\n\n<p class=\"wp-block-paragraph\"><strong>Topic: EU Enlargement \u2013 One of Europe&#8217;s great success stories we rarely tell<\/strong><\/p>\n\n\n\n<p class=\"wp-block-paragraph\">EU enlargement is one of the most transformative projects in European integration. Yet it is increasingly met with indifference or open scepticism in Austria and Vienna. What are the reasons for this fatigue? And how can enthusiasm be gathered again for a project that has not only brought peace and prosperity to Europe, but that holds the promise of a more united and resilient continent? This is now more relevant than ever, with Ukraine, Moldova and the Western Balkans on the agenda, and we want to discuss with you the ways forward.<\/p>\n\n\n\n<p class=\"wp-block-paragraph\">Mag.&nbsp;<strong>Sebastian Sch\u00e4ffer<\/strong>, Director of the Institute for the Danube Region and Central Europe (IDM) and Secretary General of the Danube Rectors Conference, will be the input speaker at the fifth&nbsp;<em>Treffpunkt Europa<\/em>&nbsp;on the current state of EU enlargement policy \u2013 with a particular focus on Ukraine, Moldova and Montenegro \u2013 followed by an open discussion with participants.<\/p>\n\n\n\n<p class=\"wp-block-paragraph\">We look forward to your active participation and an inspiring discussion in the atmosphere of a Viennese coffee house in a small circle of 12-15 participants. This is the first Treffpunkt Europa in English to cater to non-German speakers in Vienna as well as Austrians who want to practice their English.<\/p>\n\n\n\n<figure class=\"wp-block-image size-large\"><img loading=\"lazy\" decoding=\"async\" width=\"1024\" height=\"576\" src=\"https:\/\/efb.at\/wp-content\/uploads\/2026\/09\/261014_TE_Homepage-1024x576.jpg\" alt=\"\" class=\"wp-image-1111\" srcset=\"https:\/\/efb.at\/wp-content\/uploads\/2026\/09\/261014_TE_Homepage-1024x576.jpg 1024w, https:\/\/efb.at\/wp-content\/uploads\/2026\/09\/261014_TE_Homepage-300x169.jpg 300w, https:\/\/efb.at\/wp-content\/uploads\/2026\/09\/261014_TE_Homepage-768x432.jpg 768w, https:\/\/efb.at\/wp-content\/uploads\/2026\/09\/261014_TE_Homepage-1536x864.jpg 1536w, https:\/\/efb.at\/wp-content\/uploads\/2026\/09\/261014_TE_Homepage-2048x1152.jpg 2048w\" sizes=\"auto, (max-width: 1024px) 100vw, 1024px\" \/><\/figure>\n\n\n\n<div class=\"wp-block-group has-background\" style=\"border-radius:6px;background-color:#f3f5f2;margin-top:36px;margin-bottom:28px;padding-top:30px;padding-right:28px;padding-bottom:30px;padding-left:28px\"><div class=\"wp-block-group__inner-container is-layout-constrained wp-container-core-group-is-layout-e24afbcf wp-block-group-is-layout-constrained\">\n<h3 class=\"wp-block-heading\" style=\"margin-top:0px;margin-bottom:8px;font-size:21px;font-style:normal;font-weight:700\">Join us<\/h3>\n\n\n\n<p class=\"has-text-color wp-block-paragraph\" style=\"color:#5f6660;margin-top:0px;margin-bottom:18px;font-size:15px;line-height:1.6\">Spots are limited, please register in advance.<\/p>\n\n\n\n<div class=\"wp-block-buttons is-layout-flex wp-container-core-buttons-is-layout-3f825228 wp-block-buttons-is-layout-flex\">\n<div class=\"wp-block-button\"><a class=\"wp-block-button__link has-text-color has-background has-custom-font-size wp-element-button\" href=\"https:\/\/form.jotform.com\/262451450564051\" style=\"border-radius:3px;color:#ffffff;background-color:#357941;padding-top:14px;padding-right:26px;padding-bottom:14px;padding-left:26px;font-size:14px;font-style:normal;font-weight:600;letter-spacing:1px;text-transform:uppercase\">Register<\/a><\/div>\n\n\n\n<div class=\"wp-block-button is-style-outline is-style-outline--1\"><a class=\"wp-block-button__link has-text-color has-border-color has-custom-font-size wp-element-button\" href=\"mailto:wien@efb.at\" style=\"border-color:#357941;border-width:2px;border-radius:3px;color:#357941;padding-top:14px;padding-right:26px;padding-bottom:14px;padding-left:26px;font-size:14px;font-style:normal;font-weight:600;letter-spacing:1px;text-transform:uppercase\">Ask a question<\/a><\/div>\n<\/div>\n<\/div><\/div>\n\n\n\n<div class=\"wp-block-group has-background\" style=\"border-radius:6px;background-color:#f3f5f2;margin-top:40px;padding-top:30px;padding-right:28px;padding-bottom:30px;padding-left:28px\"><div class=\"wp-block-group__inner-container is-layout-constrained wp-container-core-group-is-layout-a8903e3c wp-block-group-is-layout-constrained\">\n<h3 class=\"wp-block-heading\" style=\"margin-top:0px;margin-bottom:8px;font-size:20px;font-style:normal;font-weight:700;line-height:1.3\">Can&#8217;t make it this time around?<\/h3>\n\n\n\n<p class=\"has-text-color wp-block-paragraph\" style=\"color:#5f6660;margin-top:0px;margin-bottom:20px;font-size:15px;line-height:1.6\">We meet regularly in Vienna; check out what else is planned or subscribed to our new newsletter. <\/p>\n\n\n\n<div class=\"wp-block-buttons is-layout-flex wp-container-core-buttons-is-layout-3f825228 wp-block-buttons-is-layout-flex\">\n<div class=\"wp-block-button\"><a class=\"wp-block-button__link has-text-color has-background has-custom-font-size wp-element-button\" href=\"https:\/\/efb.at\/?page_id=967#termine\" style=\"border-radius:3px;color:#ffffff;background-color:#357941;padding-top:13px;padding-right:24px;padding-bottom:13px;padding-left:24px;font-size:14px;font-style:normal;font-weight:600;letter-spacing:1px;text-transform:uppercase\">All events in vienna<\/a><\/div>\n\n\n\n<div class=\"wp-block-button is-style-outline is-style-outline--2\"><a class=\"wp-block-button__link has-text-color has-border-color has-custom-font-size wp-element-button\" href=\"https:\/\/efb.at\/?page_id=967#newsletter\" style=\"border-color:#357941;border-width:2px;border-radius:3px;color:#357941;padding-top:13px;padding-right:24px;padding-bottom:13px;padding-left:24px;font-size:14px;font-style:normal;font-weight:600;letter-spacing:1px;text-transform:uppercase\">Newsletter<\/a><\/div>\n<\/div>\n<\/div><\/div>\n\n\n\n<p class=\"has-text-color wp-block-paragraph\" style=\"color:#5f6660;margin-top:24px;font-size:14px;line-height:1.7\">Host: Europ\u00e4ische F\u00f6deralistische Bewegung \u00d6sterreich, Landesverband Wien \u00b7 <a style=\"color:#2A6134\" href=\"https:\/\/efb.at\/?page_id=967\">Back to EFB Wien<\/a><\/p>\n","protected":false},"excerpt":{"rendered":"<p>Topic: EU Enlargement \u2013 One of Europe&#8217;s great success stories we rarely tell EU enlargement is one of the most transformative projects in European integration. Yet it is increasingly met with indifference or open scepticism in Austria and Vienna. What are the reasons for this fatigue? And how can enthusiasm [&hellip;]<\/p>\n","protected":false},"author":8,"featured_media":0,"parent":0,"menu_order":0,"comment_status":"closed","ping_status":"closed","template":"","meta":{"footnotes":""},"class_list":["post-1092","page","type-page","status-publish","hentry"],"_links":{"self":[{"href":"https:\/\/efb.at\/index.php?rest_route=\/wp\/v2\/pages\/1092","targetHints":{"allow":["GET"]}}],"collection":[{"href":"https:\/\/efb.at\/index.php?rest_route=\/wp\/v2\/pages"}],"about":[{"href":"https:\/\/efb.at\/index.php?rest_route=\/wp\/v2\/types\/page"}],"author":[{"embeddable":true,"href":"https:\/\/efb.at\/index.php?rest_route=\/wp\/v2\/users\/8"}],"replies":[{"embeddable":true,"href":"https:\/\/efb.at\/index.php?rest_route=%2Fwp%2Fv2%2Fcomments&post=1092"}],"version-history":[{"count":14,"href":"https:\/\/efb.at\/index.php?rest_route=\/wp\/v2\/pages\/1092\/revisions"}],"predecessor-version":[{"id":1123,"href":"https:\/\/efb.at\/index.php?rest_route=\/wp\/v2\/pages\/1092\/revisions\/1123"}],"wp:attachment":[{"href":"https:\/\/efb.at\/index.php?rest_route=%2Fwp%2Fv2%2Fmedia&parent=1092"}],"curies":[{"name":"wp","href":"https:\/\/api.w.org\/{rel}","templated":true}]}}

<ul class="wp-block-list">
<li>Tuesday, 14. October 2026, 6:00 PM&nbsp;</li>



<li>Café Ministerium | Georg-Coch-Platz 4 / Stubenring 6, 1010 Vienna</li>
</ul>



<p class="wp-block-paragraph"><strong>Topic: EU Enlargement – One of Europe&#8217;s great success stories we rarely tell</strong></p>



<p class="wp-block-paragraph">EU enlargement is one of the most transformative projects in European integration. Yet it is increasingly met with indifference or open scepticism in Austria and Vienna. What are the reasons for this fatigue? And how can enthusiasm be gathered again for a project that has not only brought peace and prosperity to Europe, but that holds the promise of a more united and resilient continent? This is now more relevant than ever, with Ukraine, Moldova and the Western Balkans on the agenda, and we want to discuss with you the ways forward.</p>



<p class="wp-block-paragraph">Mag.&nbsp;<strong>Sebastian Schäffer</strong>, Director of the Institute for the Danube Region and Central Europe (IDM) and Secretary General of the Danube Rectors Conference, will be the input speaker at the fifth&nbsp;<em>Treffpunkt Europa</em>&nbsp;on the current state of EU enlargement policy – with a particular focus on Ukraine, Moldova and Montenegro – followed by an open discussion with participants.</p>



<p class="wp-block-paragraph">We look forward to your active participation and an inspiring discussion in the atmosphere of a Viennese coffee house in a small circle of 12-15 participants. This is the first Treffpunkt Europa in English to cater to non-German speakers in Vienna as well as Austrians who want to practice their English.</p>



<figure class="wp-block-image size-large"><img loading="lazy" decoding="async" width="1024" height="576" src="https://efb.at/wp-content/uploads/2026/09/261014_TE_Homepage-1024x576.jpg" alt="" class="wp-image-1111" srcset="https://efb.at/wp-content/uploads/2026/09/261014_TE_Homepage-1024x576.jpg 1024w, https://efb.at/wp-content/uploads/2026/09/261014_TE_Homepage-300x169.jpg 300w, https://efb.at/wp-content/uploads/2026/09/261014_TE_Homepage-768x432.jpg 768w, https://efb.at/wp-content/uploads/2026/09/261014_TE_Homepage-1536x864.jpg 1536w, https://efb.at/wp-content/uploads/2026/09/261014_TE_Homepage-2048x1152.jpg 2048w" sizes="auto, (max-width: 1024px) 100vw, 1024px" /></figure>



<div class="wp-block-group has-background" style="border-radius:6px;background-color:#f3f5f2;margin-top:36px;margin-bottom:28px;padding-top:30px;padding-right:28px;padding-bottom:30px;padding-left:28px"><div class="wp-block-group__inner-container is-layout-constrained wp-container-core-group-is-layout-e24afbcf wp-block-group-is-layout-constrained">
<h3 class="wp-block-heading" style="margin-top:0px;margin-bottom:8px;font-size:21px;font-style:normal;font-weight:700">Join us</h3>



<p class="has-text-color wp-block-paragraph" style="color:#5f6660;margin-top:0px;margin-bottom:18px;font-size:15px;line-height:1.6">Spots are limited, please register in advance.</p>



<div class="wp-block-buttons is-layout-flex wp-container-core-buttons-is-layout-3f825228 wp-block-buttons-is-layout-flex">
<div class="wp-block-button"><a class="wp-block-button__link has-text-color has-background has-custom-font-size wp-element-button" href="https://form.jotform.com/262451450564051" style="border-radius:3px;color:#ffffff;background-color:#357941;padding-top:14px;padding-right:26px;padding-bottom:14px;padding-left:26px;font-size:14px;font-style:normal;font-weight:600;letter-spacing:1px;text-transform:uppercase">Register</a></div>



<div class="wp-block-button is-style-outline is-style-outline--1"><a class="wp-block-button__link has-text-color has-border-color has-custom-font-size wp-element-button" href="mailto:wien@efb.at" style="border-color:#357941;border-width:2px;border-radius:3px;color:#357941;padding-top:14px;padding-right:26px;padding-bottom:14px;padding-left:26px;font-size:14px;font-style:normal;font-weight:600;letter-spacing:1px;text-transform:uppercase">Ask a question</a></div>
</div>
</div></div>



<div class="wp-block-group has-background" style="border-radius:6px;background-color:#f3f5f2;margin-top:40px;padding-top:30px;padding-right:28px;padding-bottom:30px;padding-left:28px"><div class="wp-block-group__inner-container is-layout-constrained wp-container-core-group-is-layout-a8903e3c wp-block-group-is-layout-constrained">
<h3 class="wp-block-heading" style="margin-top:0px;margin-bottom:8px;font-size:20px;font-style:normal;font-weight:700;line-height:1.3">Can&#8217;t make it this time around?</h3>



<p class="has-text-color wp-block-paragraph" style="color:#5f6660;margin-top:0px;margin-bottom:20px;font-size:15px;line-height:1.6">We meet regularly in Vienna; check out what else is planned or subscribed to our new newsletter. </p>



<div class="wp-block-buttons is-layout-flex wp-container-core-buttons-is-layout-3f825228 wp-block-buttons-is-layout-flex">
<div class="wp-block-button"><a class="wp-block-button__link has-text-color has-background has-custom-font-size wp-element-button" href="https://efb.at/?page_id=967#termine" style="border-radius:3px;color:#ffffff;background-color:#357941;padding-top:13px;padding-right:24px;padding-bottom:13px;padding-left:24px;font-size:14px;font-style:normal;font-weight:600;letter-spacing:1px;text-transform:uppercase">All events in vienna</a></div>



<div class="wp-block-button is-style-outline is-style-outline--2"><a class="wp-block-button__link has-text-color has-border-color has-custom-font-size wp-element-button" href="https://efb.at/?page_id=967#newsletter" style="border-color:#357941;border-width:2px;border-radius:3px;color:#357941;padding-top:13px;padding-right:24px;padding-bottom:13px;padding-left:24px;font-size:14px;font-style:normal;font-weight:600;letter-spacing:1px;text-transform:uppercase">Newsletter</a></div>
</div>
</div></div>



<p class="has-text-color wp-block-paragraph" style="color:#5f6660;margin-top:24px;font-size:14px;line-height:1.7">Host: Europäische Föderalistische Bewegung Österreich, Landesverband Wien · <a style="color:#2A6134" href="https://efb.at/?page_id=967">Back to EFB Wien</a></p>
