{"id":139,"date":"2020-04-04T15:37:19","date_gmt":"2020-04-04T14:37:19","guid":{"rendered":"http:\/\/78.47.153.69\/wordpress\/?page_id=139"},"modified":"2026-03-10T23:06:58","modified_gmt":"2026-03-10T22:06:58","slug":"efb-vorarlberg","status":"publish","type":"page","link":"https:\/\/efb.at\/?page_id=139","title":{"rendered":"EFB Wien"},"content":{"rendered":"\n<h2 class=\"wp-block-heading\">Team Wien<\/h2>\n\n\n\n<ul class=\"wp-block-list\">\n<li>Landesvorsitzende: Mag.a Alexandra Schantl<\/li>\n\n\n\n<li>Vorstandsmitglieder: Sabine Radl, Friedhelm Frischenschlager, Anne Favre<\/li>\n<\/ul>\n\n\n\n<h2 class=\"wp-block-heading\">Aktivit\u00e4ten<\/h2>\n\n\n\n<ul class=\"wp-block-list\">\n<li>Austauschreihe Treffpunkt Europa (6 Mal im Jahr)<\/li>\n\n\n\n<li>Buchpr\u00e4sentationen<\/li>\n\n\n\n<li>Diskussionsveranstaltungen<\/li>\n\n\n\n<li>Aktivit\u00e4ten zum Europatag<\/li>\n\n\n\n<li>Leserbriefe<\/li>\n<\/ul>\n\n\n\n<p>Terminank\u00fcndigungen finden Sie unter <a href=\"https:\/\/efb.at\/?page_id=62\" data-type=\"page\" data-id=\"62\">Veranstaltungen<\/a>.<\/p>\n\n\n\n<p>Folgen Sie uns auch auf <a href=\"https:\/\/www.linkedin.com\/company\/europ%C3%A4ische-f%C3%B6deralistische-bewegung-efb-wien\/\">LinkedIn<\/a>.<\/p>\n\n\n\n<h2 class=\"wp-block-heading\">Impressum<\/h2>\n\n\n\n<p>Verein Europ\u00e4ische F\u00f6deralistische Bewegung Wien (Union Europ\u00e4ischer F\u00f6deralisten \u00d6sterreich, Landesverband Wien)- Kurzbezeichnung: EFB Wien<\/p>\n\n\n\n<p>ZVR: 539248885<\/p>\n\n\n\n<p>Sitz, Zustellanschrift: Lassingleithnerplatz 2\/3, 1020 Wien<\/p>\n\n\n\n<p>Entstehungsdatum: 17. J\u00e4nner 1959<\/p>\n","protected":false},"excerpt":{"rendered":"<p>Team Wien Aktivit\u00e4ten Terminank\u00fcndigungen finden Sie unter Veranstaltungen. Folgen Sie uns auch auf LinkedIn. Impressum Verein Europ\u00e4ische F\u00f6deralistische Bewegung Wien (Union Europ\u00e4ischer F\u00f6deralisten \u00d6sterreich, Landesverband Wien)- Kurzbezeichnung: EFB Wien ZVR: 539248885 Sitz, Zustellanschrift: Lassingleithnerplatz 2\/3, 1020 Wien Entstehungsdatum: 17. J\u00e4nner 1959<\/p>\n","protected":false},"author":1,"featured_media":0,"parent":0,"menu_order":0,"comment_status":"closed","ping_status":"closed","template":"","meta":{"footnotes":""},"class_list":["post-139","page","type-page","status-publish","hentry"],"_links":{"self":[{"href":"https:\/\/efb.at\/index.php?rest_route=\/wp\/v2\/pages\/139","targetHints":{"allow":["GET"]}}],"collection":[{"href":"https:\/\/efb.at\/index.php?rest_route=\/wp\/v2\/pages"}],"about":[{"href":"https:\/\/efb.at\/index.php?rest_route=\/wp\/v2\/types\/page"}],"author":[{"embeddable":true,"href":"https:\/\/efb.at\/index.php?rest_route=\/wp\/v2\/users\/1"}],"replies":[{"embeddable":true,"href":"https:\/\/efb.at\/index.php?rest_route=%2Fwp%2Fv2%2Fcomments&post=139"}],"version-history":[{"count":11,"href":"https:\/\/efb.at\/index.php?rest_route=\/wp\/v2\/pages\/139\/revisions"}],"predecessor-version":[{"id":748,"href":"https:\/\/efb.at\/index.php?rest_route=\/wp\/v2\/pages\/139\/revisions\/748"}],"wp:attachment":[{"href":"https:\/\/efb.at\/index.php?rest_route=%2Fwp%2Fv2%2Fmedia&parent=139"}],"curies":[{"name":"wp","href":"https:\/\/api.w.org\/{rel}","templated":true}]}}

<h2 class="wp-block-heading">Team Wien</h2>



<ul class="wp-block-list">
<li>Landesvorsitzende: Mag.a Alexandra Schantl</li>



<li>Vorstandsmitglieder: Sabine Radl, Friedhelm Frischenschlager, Anne Favre</li>
</ul>



<h2 class="wp-block-heading">Aktivitäten</h2>



<ul class="wp-block-list">
<li>Austauschreihe Treffpunkt Europa (6 Mal im Jahr)</li>



<li>Buchpräsentationen</li>



<li>Diskussionsveranstaltungen</li>



<li>Aktivitäten zum Europatag</li>



<li>Leserbriefe</li>
</ul>



<p>Terminankündigungen finden Sie unter <a href="https://efb.at/?page_id=62" data-type="page" data-id="62">Veranstaltungen</a>.</p>



<p>Folgen Sie uns auch auf <a href="https://www.linkedin.com/company/europ%C3%A4ische-f%C3%B6deralistische-bewegung-efb-wien/">LinkedIn</a>.</p>



<h2 class="wp-block-heading">Impressum</h2>



<p>Verein Europäische Föderalistische Bewegung Wien (Union Europäischer Föderalisten Österreich, Landesverband Wien)- Kurzbezeichnung: EFB Wien</p>



<p>ZVR: 539248885</p>



<p>Sitz, Zustellanschrift: Lassingleithnerplatz 2/3, 1020 Wien</p>



<p>Entstehungsdatum: 17. Jänner 1959</p>

<p>Team Wien Aktivitäten Terminankündigungen finden Sie unter Veranstaltungen. Folgen Sie uns auch auf LinkedIn. Impressum Verein Europäische Föderalistische Bewegung Wien (Union Europäischer Föderalisten Österreich, Landesverband Wien)- Kurzbezeichnung: EFB Wien ZVR: 539248885 Sitz, Zustellanschrift: Lassingleithnerplatz 2/3, 1020 Wien Entstehungsdatum: 17. Jänner 1959</p>
