{"id":190,"date":"2020-04-07T16:45:05","date_gmt":"2020-04-07T15:45:05","guid":{"rendered":"http:\/\/78.47.153.69\/wordpress\/?page_id=190"},"modified":"2020-04-07T16:45:07","modified_gmt":"2020-04-07T15:45:07","slug":"uber-uns","status":"publish","type":"page","link":"https:\/\/efb.at\/?page_id=190","title":{"rendered":"\u00dcber uns"},"content":{"rendered":"\n<div class=\"wp-block-themeisle-blocks-advanced-columns has-1-columns has-desktop-equal-layout has-tablet-equal-layout has-mobile-equal-layout has-default-gap has-vertical-unset\" id=\"wp-block-themeisle-blocks-advanced-columns-951c40ab\"><div class=\"wp-block-themeisle-blocks-advanced-columns-overlay\"><\/div><div class=\"innerblocks-wrap\">\n<div class=\"wp-block-themeisle-blocks-advanced-column\" id=\"wp-block-themeisle-blocks-advanced-column-f6feb694\">\n<p>Wir stehen f\u00fcr ein demokratisches, sicheres, wirtschaftlich starkes, gebildetes, friedliches, \u00f6kologisches, soziales, vereintes und f\u00f6derales Europa.<\/p>\n\n\n\n<p>Die EFB ist der \u00f6sterreichische Zweig der Union Europ\u00e4ischer F\u00f6deralisten (UEF) und gemeinsam mit ihrem Jugendverband Junge Europ\u00e4ische F\u00f6deralisten (JEF) Mitglied in der Europ\u00e4ischen Bewegung \u00d6sterreich (EB\u00d6). Die Europ\u00e4ische F\u00f6deralistische Bewegung wurde 1946 von vision\u00e4ren Europ\u00e4erinnen und Europ\u00e4ern als streng \u00fcberparteiliche und \u00fcberkonfessionelle proeurop\u00e4ische Organisation gegr\u00fcndet.<\/p>\n<\/div>\n<\/div><\/div>\n","protected":false},"excerpt":{"rendered":"","protected":false},"author":1,"featured_media":0,"parent":0,"menu_order":0,"comment_status":"closed","ping_status":"closed","template":"","meta":{"footnotes":""},"class_list":["post-190","page","type-page","status-publish","hentry"],"_links":{"self":[{"href":"https:\/\/efb.at\/index.php?rest_route=\/wp\/v2\/pages\/190","targetHints":{"allow":["GET"]}}],"collection":[{"href":"https:\/\/efb.at\/index.php?rest_route=\/wp\/v2\/pages"}],"about":[{"href":"https:\/\/efb.at\/index.php?rest_route=\/wp\/v2\/types\/page"}],"author":[{"embeddable":true,"href":"https:\/\/efb.at\/index.php?rest_route=\/wp\/v2\/users\/1"}],"replies":[{"embeddable":true,"href":"https:\/\/efb.at\/index.php?rest_route=%2Fwp%2Fv2%2Fcomments&post=190"}],"version-history":[{"count":1,"href":"https:\/\/efb.at\/index.php?rest_route=\/wp\/v2\/pages\/190\/revisions"}],"predecessor-version":[{"id":191,"href":"https:\/\/efb.at\/index.php?rest_route=\/wp\/v2\/pages\/190\/revisions\/191"}],"wp:attachment":[{"href":"https:\/\/efb.at\/index.php?rest_route=%2Fwp%2Fv2%2Fmedia&parent=190"}],"curies":[{"name":"wp","href":"https:\/\/api.w.org\/{rel}","templated":true}]}}