{"id":63,"date":"2020-04-04T14:25:50","date_gmt":"2020-04-04T13:25:50","guid":{"rendered":"http:\/\/78.47.153.69\/wordpress\/?page_id=63"},"modified":"2021-12-11T15:37:51","modified_gmt":"2021-12-11T14:37:51","slug":"themen","status":"publish","type":"page","link":"https:\/\/efb.at\/?page_id=63","title":{"rendered":"Themen"},"content":{"rendered":"\n<h2 class=\"wp-block-heading\">Speerspitze f\u00fcr ein neues Europa<\/h2>\n\n\n\n<p>Wir verstehen uns als europaweite Speerspitze der europ\u00e4isch engagierten B\u00fcrgerinnen und B\u00fcrger und setzen uns, zusammen mit Partnerorganisation in vielen europ\u00e4ischen L\u00e4ndern, f\u00fcr die Vollendung der bundesstaatlichen Einigung Europas ein.<\/p>\n\n\n\n<p>Jahrhundertelang pr\u00e4gte das Ringen um territoriale, religi\u00f6se sowie ideologische Vorherrschaft die Geschichte Europas. Dem Bed\u00fcrfnis nach Frieden folgend, entstand die Idee eines vereinten Europas, die jedoch erst angesichts der Katastrophen der ersten H\u00e4lfte des 20. Jahrhunderts, mit der Gr\u00fcndung der Europ\u00e4ischen Gemeinschaft f\u00fcr Kohle und Stahl (EGKS) im Jahr 1951 ihren Anfang nahm.<\/p>\n\n\n\n<figure class=\"wp-block-pullquote\"><blockquote><p>Die EU ist einem rein marktwirtschaftlich orientierten Zusammenschluss entwachsen.<\/p><\/blockquote><\/figure>\n\n\n\n<p>Mittlerweile ist die Europ\u00e4ische Union (EU), die den institutionellen Rahmen dieses europ\u00e4ischen Integrationsprozesses bildet, einem rein marktwirtschaftlich orientierten Zusammenschluss entwachsen und f\u00fchlt sich umfassend den politischen Bed\u00fcrfnissen ihrer B\u00fcrgerinnen und B\u00fcrger verantwortlich.<\/p>\n\n\n\n<h2 class=\"wp-block-heading\">Das Vereinte Europa der Staaten und der B\u00fcrgerinnen und B\u00fcrger<\/h2>\n\n\n\n<p>In Zeiten globaler politischer und wirtschaftlicher Unsicherheiten gef\u00e4hrden wiedererwachende Nationalismen und Anti-EU-Populismus die bereits erreichte Integration und ausstehende Erweiterungs- und Vertiefungsschritte. Denn zur Verhinderung von Gewalt, nationalistischen Machtanspr\u00fcchen, im Interesse von \u00e4u\u00dferer und innerer Sicherheit, der wirtschaftlichen, sozialen und \u00f6kologischen Zukunft Europas ist die gesamtpolitische Europ\u00e4ische Union unverzichtbar. Sie ist vor allem die Chance, als wirksame politische Gemeinschaft ihre Politik auf die Grundlage demokratischer, f\u00f6deraler und Grund- und rechtsstaatlicher Prinzipien zu stellen und diese weiterzuentwickeln.<\/p>\n\n\n\n<h2 class=\"wp-block-heading\">Unsere Europa-Ziele<\/h2>\n\n\n\n<ol class=\"wp-block-list\"><li>Globale Verantwortung des Vereinten Europas<\/li><li>Solidarische und politische Identit\u00e4t des Vereinten Europas<\/li><li>Gesamteurop\u00e4ische Verfassung<\/li><li>Vereintes Europa mit parlamentarischer Demokratie<\/li><li>Kultureller Austausch und Aufbau einer von gesamteurop\u00e4ischen Werten getragene Identit\u00e4t<\/li><li>Integrierte Wirtschafts- und Finanzpolitik auf Basis einer sozialen Marktwirtschaft<\/li><li>Starke Gemeinsame Au\u00dfen-, Sicherheits- und Verteidigungspolitik<\/li><\/ol>\n\n\n\n<p><strong>Mehr Informationen zu unserer inhaltlichen Ausrichtung finden Sie in unserem\u00a0<a href=\"https:\/\/efb.at\/wp-content\/uploads\/2020\/04\/EFBOe-Grundsatzprogramm2012.pdf\">Grundsatzprogramm<\/a>.<\/strong><\/p>\n","protected":false},"excerpt":{"rendered":"<p>Speerspitze f\u00fcr ein neues Europa Wir verstehen uns als europaweite Speerspitze der europ\u00e4isch engagierten B\u00fcrgerinnen und B\u00fcrger und setzen uns, zusammen mit Partnerorganisation in vielen europ\u00e4ischen L\u00e4ndern, f\u00fcr die Vollendung der bundesstaatlichen Einigung Europas ein. Jahrhundertelang pr\u00e4gte das Ringen um territoriale, religi\u00f6se sowie ideologische Vorherrschaft die Geschichte Europas. Dem Bed\u00fcrfnis [&hellip;]<\/p>\n","protected":false},"author":1,"featured_media":0,"parent":0,"menu_order":0,"comment_status":"closed","ping_status":"closed","template":"","meta":{"footnotes":""},"class_list":["post-63","page","type-page","status-publish","hentry"],"_links":{"self":[{"href":"https:\/\/efb.at\/index.php?rest_route=\/wp\/v2\/pages\/63","targetHints":{"allow":["GET"]}}],"collection":[{"href":"https:\/\/efb.at\/index.php?rest_route=\/wp\/v2\/pages"}],"about":[{"href":"https:\/\/efb.at\/index.php?rest_route=\/wp\/v2\/types\/page"}],"author":[{"embeddable":true,"href":"https:\/\/efb.at\/index.php?rest_route=\/wp\/v2\/users\/1"}],"replies":[{"embeddable":true,"href":"https:\/\/efb.at\/index.php?rest_route=%2Fwp%2Fv2%2Fcomments&post=63"}],"version-history":[{"count":4,"href":"https:\/\/efb.at\/index.php?rest_route=\/wp\/v2\/pages\/63\/revisions"}],"predecessor-version":[{"id":451,"href":"https:\/\/efb.at\/index.php?rest_route=\/wp\/v2\/pages\/63\/revisions\/451"}],"wp:attachment":[{"href":"https:\/\/efb.at\/index.php?rest_route=%2Fwp%2Fv2%2Fmedia&parent=63"}],"curies":[{"name":"wp","href":"https:\/\/api.w.org\/{rel}","templated":true}]}}