{"id":64,"date":"2020-04-04T14:25:50","date_gmt":"2020-04-04T13:25:50","guid":{"rendered":"http:\/\/78.47.153.69\/wordpress\/?page_id=64"},"modified":"2025-04-16T20:07:47","modified_gmt":"2025-04-16T19:07:47","slug":"team","status":"publish","type":"page","link":"https:\/\/efb.at\/?page_id=64","title":{"rendered":"Team"},"content":{"rendered":"\n<p>Unsere Aktivit\u00e4ten auf Bundesebene werden vom Vorstand koordiniert. Zus\u00e4tzlich gibt es auch <a href=\"http:\/\/78.47.153.69\/wordpress\/?page_id=2\">Ansprechpartner in den Bundesl\u00e4ndern<\/a>.<\/p>\n\n\n\n<h2 class=\"wp-block-heading\">Bundesvorstand<\/h2>\n\n\n\n<div class=\"wp-block-media-text alignwide is-stacked-on-mobile\" style=\"grid-template-columns:20% auto\"><figure class=\"wp-block-media-text__media\"><img loading=\"lazy\" decoding=\"async\" width=\"1024\" height=\"1024\" src=\"https:\/\/efb.at\/wp-content\/uploads\/2024\/11\/Lukas-Mandl_Martin-Lahousse_Juli-2021-6-scaled-1-e1731838116810-1024x1024.jpg\" alt=\"\" class=\"wp-image-521 size-full\" srcset=\"https:\/\/efb.at\/wp-content\/uploads\/2024\/11\/Lukas-Mandl_Martin-Lahousse_Juli-2021-6-scaled-1-e1731838116810-1024x1024.jpg 1024w, https:\/\/efb.at\/wp-content\/uploads\/2024\/11\/Lukas-Mandl_Martin-Lahousse_Juli-2021-6-scaled-1-e1731838116810-300x300.jpg 300w, https:\/\/efb.at\/wp-content\/uploads\/2024\/11\/Lukas-Mandl_Martin-Lahousse_Juli-2021-6-scaled-1-e1731838116810-150x150.jpg 150w, https:\/\/efb.at\/wp-content\/uploads\/2024\/11\/Lukas-Mandl_Martin-Lahousse_Juli-2021-6-scaled-1-e1731838116810-768x768.jpg 768w, https:\/\/efb.at\/wp-content\/uploads\/2024\/11\/Lukas-Mandl_Martin-Lahousse_Juli-2021-6-scaled-1-e1731838116810-1536x1536.jpg 1536w, https:\/\/efb.at\/wp-content\/uploads\/2024\/11\/Lukas-Mandl_Martin-Lahousse_Juli-2021-6-scaled-1-e1731838116810.jpg 1550w\" sizes=\"auto, (max-width: 1024px) 100vw, 1024px\" \/><\/figure><div class=\"wp-block-media-text__content\">\n<p class=\"has-large-font-size\">Mag. Lukas Mandl<\/p>\n\n\n\n<p><strong>Pr\u00e4sident<\/strong><\/p>\n\n\n\n<p>Langj\u00e4hrige T\u00e4tigkeit als Politiker der \u00d6VP, u.a.:<br>2017- Abgeordneter zum Europ\u00e4ischen Parlament<br>2008-2017 Landtagsabgeordneter in Nieder\u00f6sterreich<br>2015-2017 Vizeb\u00fcrgermeister der Stadtgemeinde Gerasdorf bei Wien<\/p>\n<\/div><\/div>\n\n\n\n<div class=\"wp-block-media-text alignwide is-stacked-on-mobile\" style=\"grid-template-columns:20% auto\"><figure class=\"wp-block-media-text__media\"><img loading=\"lazy\" decoding=\"async\" width=\"800\" height=\"800\" src=\"http:\/\/78.47.153.69\/wordpress\/wp-content\/uploads\/2020\/04\/lichtenberger.jpg\" alt=\"\" class=\"wp-image-48 size-full\" srcset=\"https:\/\/efb.at\/wp-content\/uploads\/2020\/04\/lichtenberger.jpg 800w, https:\/\/efb.at\/wp-content\/uploads\/2020\/04\/lichtenberger-300x300.jpg 300w, https:\/\/efb.at\/wp-content\/uploads\/2020\/04\/lichtenberger-150x150.jpg 150w, https:\/\/efb.at\/wp-content\/uploads\/2020\/04\/lichtenberger-768x768.jpg 768w\" sizes=\"auto, (max-width: 800px) 100vw, 800px\" \/><\/figure><div class=\"wp-block-media-text__content\">\n<p class=\"has-large-font-size\">Dr. Eva Lichtenberger<\/p>\n\n\n\n<p><strong>Vizepr\u00e4sidentin<\/strong><\/p>\n\n\n\n<p>Langj\u00e4hrige T\u00e4tigkeit als Politikerin der Gr\u00fcnen, u.a.:<br>2004-2014 Abgeordnete zum Europ\u00e4ischen Parlament<br>1999-2004 Abgeordnete zum Nationalrat<br>1994-1999 Landesr\u00e4tin f\u00fcr Umweltschutz in Tirol<\/p>\n<\/div><\/div>\n\n\n\n<div class=\"wp-block-media-text alignwide is-stacked-on-mobile\" style=\"grid-template-columns:20% auto\"><figure class=\"wp-block-media-text__media\"><img loading=\"lazy\" decoding=\"async\" width=\"639\" height=\"600\" src=\"https:\/\/efb.at\/wp-content\/uploads\/2024\/11\/Botschafter_Agathonos.jpg\" alt=\"\" class=\"wp-image-523 size-full\" srcset=\"https:\/\/efb.at\/wp-content\/uploads\/2024\/11\/Botschafter_Agathonos.jpg 639w, https:\/\/efb.at\/wp-content\/uploads\/2024\/11\/Botschafter_Agathonos-300x282.jpg 300w\" sizes=\"auto, (max-width: 639px) 100vw, 639px\" \/><\/figure><div class=\"wp-block-media-text__content\">\n<p class=\"has-large-font-size\">Mag. Philipp Agathonos<\/p>\n\n\n\n<p><strong>Vizepr\u00e4sident<\/strong><\/p>\n\n\n\n<p>2024- \u00d6sterreichischer Botschafter in Vietnam<br>2020 \u2013 2024 Abteilung Sicherheitspolitik, Gesandter, Leiter des Referats zivile GSVP und sicherheitspolitische Aspekte im Bereich Frieden, Sicherheit und Entwicklung<br>2016 \u2013 2020 \u00d6sterreichische Botschaft Peking, Gesandter, Leiter der Abteilung f\u00fcr Wissenschaft und Technologie<\/p>\n<\/div><\/div>\n\n\n\n<div class=\"wp-block-media-text alignwide is-stacked-on-mobile\" style=\"grid-template-columns:20% auto\"><figure class=\"wp-block-media-text__media\"><img loading=\"lazy\" decoding=\"async\" width=\"800\" height=\"800\" src=\"https:\/\/efb.at\/wp-content\/uploads\/2025\/04\/1714427216343.jpeg\" alt=\"\" class=\"wp-image-650 size-full\" srcset=\"https:\/\/efb.at\/wp-content\/uploads\/2025\/04\/1714427216343.jpeg 800w, https:\/\/efb.at\/wp-content\/uploads\/2025\/04\/1714427216343-300x300.jpeg 300w, https:\/\/efb.at\/wp-content\/uploads\/2025\/04\/1714427216343-150x150.jpeg 150w, https:\/\/efb.at\/wp-content\/uploads\/2025\/04\/1714427216343-768x768.jpeg 768w\" sizes=\"auto, (max-width: 800px) 100vw, 800px\" \/><\/figure><div class=\"wp-block-media-text__content\">\n<p class=\"has-large-font-size\">Kati Schneeberger, BEd<\/p>\n\n\n\n<p><strong>Vizepr\u00e4sidentin<\/strong><\/p>\n\n\n\n<p>Bundesgesch\u00e4ftsf\u00fchrerin, Bund Europ\u00e4ischer Jugend \u00d6sterreich<br>Pr\u00e4sidentin, VIENNA goes EUROPE<br>Zuvor Mittelschullehrerin und Bezirksr\u00e4tin in Wien &#8211; Neubau<\/p>\n<\/div><\/div>\n\n\n\n<div class=\"wp-block-media-text alignwide is-stacked-on-mobile\" style=\"grid-template-columns:20% auto\"><figure class=\"wp-block-media-text__media\"><img loading=\"lazy\" decoding=\"async\" width=\"255\" height=\"255\" src=\"https:\/\/efb.at\/wp-content\/uploads\/2024\/11\/Andrea_Kohl-e1731838466513.jpg\" alt=\"\" class=\"wp-image-524 size-full\" srcset=\"https:\/\/efb.at\/wp-content\/uploads\/2024\/11\/Andrea_Kohl-e1731838466513.jpg 255w, https:\/\/efb.at\/wp-content\/uploads\/2024\/11\/Andrea_Kohl-e1731838466513-150x150.jpg 150w\" sizes=\"auto, (max-width: 255px) 100vw, 255px\" \/><\/figure><div class=\"wp-block-media-text__content\">\n<p class=\"has-large-font-size\">Andrea Kohl, BA<\/p>\n\n\n\n<p><strong>Vizepr\u00e4sidentin<\/strong><\/p>\n\n\n\n<p>2023- Vizeb\u00fcrgermeisterin, Bad Blumau<br>2020-2023 B\u00fcrgermeisterin, Bad Blumau<br>Studentin der Slawistik, interdisziplin\u00e4ren Osteuropastudien und Politikwissenschaft<\/p>\n<\/div><\/div>\n\n\n\n<div class=\"wp-block-media-text alignwide is-stacked-on-mobile\" style=\"grid-template-columns:20% auto\"><figure class=\"wp-block-media-text__media\"><img loading=\"lazy\" decoding=\"async\" width=\"799\" height=\"800\" src=\"https:\/\/efb.at\/wp-content\/uploads\/2024\/11\/1671534661765-1.jpeg\" alt=\"\" class=\"wp-image-532 size-full\" srcset=\"https:\/\/efb.at\/wp-content\/uploads\/2024\/11\/1671534661765-1.jpeg 799w, https:\/\/efb.at\/wp-content\/uploads\/2024\/11\/1671534661765-1-300x300.jpeg 300w, https:\/\/efb.at\/wp-content\/uploads\/2024\/11\/1671534661765-1-150x150.jpeg 150w, https:\/\/efb.at\/wp-content\/uploads\/2024\/11\/1671534661765-1-768x769.jpeg 768w\" sizes=\"auto, (max-width: 799px) 100vw, 799px\" \/><\/figure><div class=\"wp-block-media-text__content\">\n<p class=\"has-large-font-size\">Jakob Etzel<\/p>\n\n\n\n<p><strong>Generalsekret\u00e4r<\/strong><\/p>\n\n\n\n<p>Vice President Customer Success in einem Industriesoftware-Unternehmen<br><br><\/p>\n<\/div><\/div>\n\n\n\n<div class=\"wp-block-media-text alignwide is-stacked-on-mobile\" style=\"grid-template-columns:20% auto\"><figure class=\"wp-block-media-text__media\"><img loading=\"lazy\" decoding=\"async\" width=\"800\" height=\"800\" src=\"https:\/\/efb.at\/wp-content\/uploads\/2024\/11\/1578579984589.jpeg\" alt=\"\" class=\"wp-image-531 size-full\" srcset=\"https:\/\/efb.at\/wp-content\/uploads\/2024\/11\/1578579984589.jpeg 800w, https:\/\/efb.at\/wp-content\/uploads\/2024\/11\/1578579984589-300x300.jpeg 300w, https:\/\/efb.at\/wp-content\/uploads\/2024\/11\/1578579984589-150x150.jpeg 150w, https:\/\/efb.at\/wp-content\/uploads\/2024\/11\/1578579984589-768x768.jpeg 768w\" sizes=\"auto, (max-width: 800px) 100vw, 800px\" \/><\/figure><div class=\"wp-block-media-text__content\">\n<p class=\"has-large-font-size\">Mag. Peter Rindler<\/p>\n\n\n\n<p><strong>Bundeskassier<\/strong><\/p>\n\n\n\n<p>Professor am BG\/BRG Kirchengasse, Graz<br>Mitarbeiter im International Office der PPH Augustinum, Graz<br><br><\/p>\n<\/div><\/div>\n\n\n\n<div class=\"wp-block-media-text alignwide is-stacked-on-mobile\" style=\"grid-template-columns:20% auto\"><figure class=\"wp-block-media-text__media\"><img loading=\"lazy\" decoding=\"async\" width=\"800\" height=\"800\" src=\"https:\/\/efb.at\/wp-content\/uploads\/2024\/11\/1665668038981.jpeg\" alt=\"\" class=\"wp-image-529 size-full\" srcset=\"https:\/\/efb.at\/wp-content\/uploads\/2024\/11\/1665668038981.jpeg 800w, https:\/\/efb.at\/wp-content\/uploads\/2024\/11\/1665668038981-300x300.jpeg 300w, https:\/\/efb.at\/wp-content\/uploads\/2024\/11\/1665668038981-150x150.jpeg 150w, https:\/\/efb.at\/wp-content\/uploads\/2024\/11\/1665668038981-768x768.jpeg 768w\" sizes=\"auto, (max-width: 800px) 100vw, 800px\" \/><\/figure><div class=\"wp-block-media-text__content\">\n<p class=\"has-large-font-size\">Dr. Johannes Seiringer<\/p>\n\n\n\n<p><strong>Vorstandsmitglied<\/strong><\/p>\n\n\n\n<p>Head of Public Affairs, Raiffeisenlandesbank Ober\u00f6sterreich<br>B\u00fcrgermeister der Gemeinde Gie\u00dfh\u00fcbl<br>2013-2018 Direktor, EBRD<\/p>\n<\/div><\/div>\n\n\n\n<div class=\"wp-block-media-text alignwide is-stacked-on-mobile\" style=\"grid-template-columns:20% auto\"><figure class=\"wp-block-media-text__media\"><img loading=\"lazy\" decoding=\"async\" width=\"800\" height=\"800\" src=\"https:\/\/efb.at\/wp-content\/uploads\/2024\/11\/1612171810791.jpeg\" alt=\"\" class=\"wp-image-528 size-full\" srcset=\"https:\/\/efb.at\/wp-content\/uploads\/2024\/11\/1612171810791.jpeg 800w, https:\/\/efb.at\/wp-content\/uploads\/2024\/11\/1612171810791-300x300.jpeg 300w, https:\/\/efb.at\/wp-content\/uploads\/2024\/11\/1612171810791-150x150.jpeg 150w, https:\/\/efb.at\/wp-content\/uploads\/2024\/11\/1612171810791-768x768.jpeg 768w\" sizes=\"auto, (max-width: 800px) 100vw, 800px\" \/><\/figure><div class=\"wp-block-media-text__content\">\n<p class=\"has-large-font-size\">Mag. Alexandra Schantl<\/p>\n\n\n\n<p><strong>Vorstandsmitglied<\/strong><\/p>\n\n\n\n<p>EU-Expertin, KDZ &#8211; Zentrum f\u00fcr Verwaltungsforschung<br><br><\/p>\n<\/div><\/div>\n","protected":false},"excerpt":{"rendered":"<p>Unsere Aktivit\u00e4ten auf Bundesebene werden vom Vorstand koordiniert. Zus\u00e4tzlich gibt es auch Ansprechpartner in den Bundesl\u00e4ndern. Bundesvorstand Mag. Lukas Mandl Pr\u00e4sident Langj\u00e4hrige T\u00e4tigkeit als Politiker der \u00d6VP, u.a.:2017- Abgeordneter zum Europ\u00e4ischen Parlament2008-2017 Landtagsabgeordneter in Nieder\u00f6sterreich2015-2017 Vizeb\u00fcrgermeister der Stadtgemeinde Gerasdorf bei Wien Dr. Eva Lichtenberger Vizepr\u00e4sidentin Langj\u00e4hrige T\u00e4tigkeit als Politikerin der [&hellip;]<\/p>\n","protected":false},"author":1,"featured_media":0,"parent":0,"menu_order":0,"comment_status":"closed","ping_status":"closed","template":"","meta":{"footnotes":""},"class_list":["post-64","page","type-page","status-publish","hentry"],"_links":{"self":[{"href":"https:\/\/efb.at\/index.php?rest_route=\/wp\/v2\/pages\/64","targetHints":{"allow":["GET"]}}],"collection":[{"href":"https:\/\/efb.at\/index.php?rest_route=\/wp\/v2\/pages"}],"about":[{"href":"https:\/\/efb.at\/index.php?rest_route=\/wp\/v2\/types\/page"}],"author":[{"embeddable":true,"href":"https:\/\/efb.at\/index.php?rest_route=\/wp\/v2\/users\/1"}],"replies":[{"embeddable":true,"href":"https:\/\/efb.at\/index.php?rest_route=%2Fwp%2Fv2%2Fcomments&post=64"}],"version-history":[{"count":29,"href":"https:\/\/efb.at\/index.php?rest_route=\/wp\/v2\/pages\/64\/revisions"}],"predecessor-version":[{"id":652,"href":"https:\/\/efb.at\/index.php?rest_route=\/wp\/v2\/pages\/64\/revisions\/652"}],"wp:attachment":[{"href":"https:\/\/efb.at\/index.php?rest_route=%2Fwp%2Fv2%2Fmedia&parent=64"}],"curies":[{"name":"wp","href":"https:\/\/api.w.org\/{rel}","templated":true}]}}