{"id":739,"date":"2026-03-20T23:00:56","date_gmt":"2026-03-20T22:00:56","guid":{"rendered":"https:\/\/efb.at\/?page_id=739"},"modified":"2026-09-01T20:12:41","modified_gmt":"2026-09-01T19:12:41","slug":"29-september-2026-eine-wellenlaenge-fuer-europa","status":"publish","type":"page","link":"https:\/\/efb.at\/?page_id=739","title":{"rendered":"29. September 2026 &#8211; Eine Wellenl\u00e4nge f\u00fcr Europa"},"content":{"rendered":"\n<h3 class=\"wp-block-heading\">Wolfgang B\u00f6hm \u00fcber seinen neuen Roman \u201eWellenl\u00e4nge&#8220; im Gespr\u00e4ch mit Robert Menasse<\/h3>\n\n\n\n<p class=\"wp-block-paragraph\"><strong>Dienstag, 29. September 2026<\/strong>&nbsp;Einlass: 18:30 Uhr | Beginn: 19:00 Uhr Buchhandlung Morawa, Wollzeile 11, 1010 Wien<\/p>\n\n\n\n<p class=\"wp-block-paragraph\">Europ\u00e4ische \u00d6ffentlichkeit entstand nicht in Br\u00fcssel, sondern in Junglinster, Luxemburg. 1933 nahm dort ein Langwellensender den Betrieb auf, dessen Reichweite sich nicht um Staatsgrenzen k\u00fcmmerte: kommerziell finanziert, mehrsprachig, aus einem Kleinstaat heraus &#8211; und f\u00fcr die Nachbarn ein \u00c4rgernis, weil sich \u00d6ffentlichkeit pl\u00f6tzlich nicht mehr national einhegen lie\u00df.<\/p>\n\n\n\n<p class=\"wp-block-paragraph\">Wolfgang B\u00f6hm (Journalist &amp; Autor, Tr\u00e4ger des Europa-Staatspreises der Republik \u00d6sterreich) f\u00fchrt in seinem neuen Roman&nbsp;<em>Wellenl\u00e4nge<\/em>&nbsp;in diese Pionierzeit zur\u00fcck und erz\u00e4hlt sie von beiden Seiten des Empfangsger\u00e4ts: von Eva, einer der ersten gro\u00dfen Stimmen des europ\u00e4ischen Rundfunks, deren Weg sich mit dem des Senders verschr\u00e4nkt, und von Felix, einem jungen Musikbegeisterten aus Aachen, f\u00fcr den das Einstellen der richtigen Frequenz zum Wagnis wird &#8211; und zum geistigen Widerstand gegen den Nationalsozialismus.<\/p>\n\n\n\n<p class=\"wp-block-paragraph\">Damals das Radio, heute die Plattformen: Beide Male entsteht \u00d6ffentlichkeit jenseits der Staaten, beide Male ringt Europa darum, wem der Raum geh\u00f6rt, in dem Europ\u00e4erinnen und Europ\u00e4er einander zuh\u00f6ren. Dar\u00fcber und auch was eine grenzenlose \u00d6ffentlichkeit f\u00fcr nationale Grenzen bedeutet spricht Wolfgang B\u00f6hm im Anschluss an die Lesung mit Robert Menasse (Deutscher Buchpreis 2017, Europ\u00e4ischer Buchpreis 2023) und dem Publikum.<\/p>\n\n\n\n<figure class=\"wp-block-image size-large\"><img loading=\"lazy\" decoding=\"async\" width=\"768\" height=\"1024\" src=\"https:\/\/efb.at\/wp-content\/uploads\/2026\/09\/Boehm_Main_Post-768x1024.png\" alt=\"\" class=\"wp-image-1118\" srcset=\"https:\/\/efb.at\/wp-content\/uploads\/2026\/09\/Boehm_Main_Post-768x1024.png 768w, https:\/\/efb.at\/wp-content\/uploads\/2026\/09\/Boehm_Main_Post-225x300.png 225w, https:\/\/efb.at\/wp-content\/uploads\/2026\/09\/Boehm_Main_Post-1152x1536.png 1152w, https:\/\/efb.at\/wp-content\/uploads\/2026\/09\/Boehm_Main_Post-1536x2048.png 1536w, https:\/\/efb.at\/wp-content\/uploads\/2026\/09\/Boehm_Main_Post-scaled.png 1920w\" sizes=\"auto, (max-width: 768px) 100vw, 768px\" \/><\/figure>\n\n\n\n<p class=\"wp-block-paragraph\">Eine Veranstaltung der&nbsp;<strong>Europ\u00e4ischen Bewegung \u00d6sterreich<\/strong>&nbsp;<strong>(EB\u00d6<\/strong>) und der&nbsp;<strong>Europ\u00e4ischen F\u00f6deralistischen Bewegung(EFB) Wien<\/strong>&nbsp;in Kooperation mit dem&nbsp;<strong>Verbindungsb\u00fcro des Europ\u00e4ischen Parlaments<\/strong>&nbsp;in \u00d6sterreich.<\/p>\n\n\n\n<div class=\"wp-block-group has-background\" style=\"border-radius:6px;background-color:#f3f5f2;margin-top:36px;margin-bottom:28px;padding-top:30px;padding-right:28px;padding-bottom:30px;padding-left:28px\"><div class=\"wp-block-group__inner-container is-layout-constrained wp-container-core-group-is-layout-e24afbcf wp-block-group-is-layout-constrained\">\n<h3 class=\"wp-block-heading\" style=\"margin-top:0px;margin-bottom:8px;font-size:21px;font-style:normal;font-weight:700\">Dabei sein<\/h3>\n\n\n\n<p class=\"has-text-color wp-block-paragraph\" style=\"color:#5f6660;margin-top:0px;margin-bottom:18px;font-size:15px;line-height:1.6\">Die Pl\u00e4tze sind begrenzt, wir bitten um eine verbindliche Anmeldung.<\/p>\n\n\n\n<div class=\"wp-block-buttons is-layout-flex wp-container-core-buttons-is-layout-3f825228 wp-block-buttons-is-layout-flex\">\n<div class=\"wp-block-button\"><a class=\"wp-block-button__link has-text-color has-background has-custom-font-size wp-element-button\" href=\"https:\/\/form.jotform.com\/260512051824346\" style=\"border-radius:3px;color:#ffffff;background-color:#357941;padding-top:14px;padding-right:26px;padding-bottom:14px;padding-left:26px;font-size:14px;font-style:normal;font-weight:600;letter-spacing:1px;text-transform:uppercase\">Jetzt anmelden<\/a><\/div>\n\n\n\n<div class=\"wp-block-button is-style-outline is-style-outline--1\"><a class=\"wp-block-button__link has-text-color has-border-color has-custom-font-size wp-element-button\" href=\"mailto:wien@efb.at\" style=\"border-color:#357941;border-width:2px;border-radius:3px;color:#357941;padding-top:14px;padding-right:26px;padding-bottom:14px;padding-left:26px;font-size:14px;font-style:normal;font-weight:600;letter-spacing:1px;text-transform:uppercase\">Frage stellen<\/a><\/div>\n<\/div>\n<\/div><\/div>\n\n\n\n<div class=\"wp-block-group has-background\" style=\"border-radius:6px;background-color:#f3f5f2;margin-top:40px;padding-top:30px;padding-right:28px;padding-bottom:30px;padding-left:28px\"><div class=\"wp-block-group__inner-container is-layout-constrained wp-container-core-group-is-layout-a8903e3c wp-block-group-is-layout-constrained\">\n<h3 class=\"wp-block-heading\" style=\"margin-top:0px;margin-bottom:8px;font-size:20px;font-style:normal;font-weight:700;line-height:1.3\">Dieser Termin passt dir nicht?<\/h3>\n\n\n\n<p class=\"has-text-color wp-block-paragraph\" style=\"color:#5f6660;margin-top:0px;margin-bottom:20px;font-size:15px;line-height:1.6\">Wir treffen uns regelm\u00e4\u00dfig in Wien, schau dir an, was sonst noch geplant ist, oder lass dich per Newsletter informieren.<\/p>\n\n\n\n<div class=\"wp-block-buttons is-layout-flex wp-container-core-buttons-is-layout-3f825228 wp-block-buttons-is-layout-flex\">\n<div class=\"wp-block-button\"><a class=\"wp-block-button__link has-text-color has-background has-custom-font-size wp-element-button\" href=\"https:\/\/efb.at\/?page_id=967#termine\" style=\"border-radius:3px;color:#ffffff;background-color:#357941;padding-top:13px;padding-right:24px;padding-bottom:13px;padding-left:24px;font-size:14px;font-style:normal;font-weight:600;letter-spacing:1px;text-transform:uppercase\">Alle Termine in Wien<\/a><\/div>\n\n\n\n<div class=\"wp-block-button is-style-outline is-style-outline--2\"><a class=\"wp-block-button__link has-text-color has-border-color has-custom-font-size wp-element-button\" href=\"https:\/\/efb.at\/?page_id=967#newsletter\" style=\"border-color:#357941;border-width:2px;border-radius:3px;color:#357941;padding-top:13px;padding-right:24px;padding-bottom:13px;padding-left:24px;font-size:14px;font-style:normal;font-weight:600;letter-spacing:1px;text-transform:uppercase\">Newsletter<\/a><\/div>\n<\/div>\n<\/div><\/div>\n\n\n\n<p class=\"has-text-color wp-block-paragraph\" style=\"color:#5f6660;margin-top:24px;font-size:14px;line-height:1.7\">Veranstalter: Europ\u00e4ische F\u00f6deralistische Bewegung \u00d6sterreich, Landesverband Wien \u00b7 <a href=\"https:\/\/efb.at\/?page_id=967\" style=\"color:#2A6134\">Zur Seite von EFB Wien<\/a><\/p>\n\n\n\n<p class=\"wp-block-paragraph\"><\/p>\n","protected":false},"excerpt":{"rendered":"<p>Wolfgang B\u00f6hm \u00fcber seinen neuen Roman \u201eWellenl\u00e4nge&#8220; im Gespr\u00e4ch mit Robert Menasse Dienstag, 29. September 2026&nbsp;Einlass: 18:30 Uhr | Beginn: 19:00 Uhr Buchhandlung Morawa, Wollzeile 11, 1010 Wien Europ\u00e4ische \u00d6ffentlichkeit entstand nicht in Br\u00fcssel, sondern in Junglinster, Luxemburg. 1933 nahm dort ein Langwellensender den Betrieb auf, dessen Reichweite sich nicht [&hellip;]<\/p>\n","protected":false},"author":8,"featured_media":0,"parent":0,"menu_order":0,"comment_status":"closed","ping_status":"closed","template":"","meta":{"footnotes":""},"class_list":["post-739","page","type-page","status-publish","hentry"],"_links":{"self":[{"href":"https:\/\/efb.at\/index.php?rest_route=\/wp\/v2\/pages\/739","targetHints":{"allow":["GET"]}}],"collection":[{"href":"https:\/\/efb.at\/index.php?rest_route=\/wp\/v2\/pages"}],"about":[{"href":"https:\/\/efb.at\/index.php?rest_route=\/wp\/v2\/types\/page"}],"author":[{"embeddable":true,"href":"https:\/\/efb.at\/index.php?rest_route=\/wp\/v2\/users\/8"}],"replies":[{"embeddable":true,"href":"https:\/\/efb.at\/index.php?rest_route=%2Fwp%2Fv2%2Fcomments&post=739"}],"version-history":[{"count":20,"href":"https:\/\/efb.at\/index.php?rest_route=\/wp\/v2\/pages\/739\/revisions"}],"predecessor-version":[{"id":1120,"href":"https:\/\/efb.at\/index.php?rest_route=\/wp\/v2\/pages\/739\/revisions\/1120"}],"wp:attachment":[{"href":"https:\/\/efb.at\/index.php?rest_route=%2Fwp%2Fv2%2Fmedia&parent=739"}],"curies":[{"name":"wp","href":"https:\/\/api.w.org\/{rel}","templated":true}]}}

29. September 2026 &#8211; Eine Wellenlänge für Europa

<h3 class="wp-block-heading">Wolfgang Böhm über seinen neuen Roman „Wellenlänge&#8220; im Gespräch mit Robert Menasse</h3>



<p class="wp-block-paragraph"><strong>Dienstag, 29. September 2026</strong>&nbsp;Einlass: 18:30 Uhr | Beginn: 19:00 Uhr Buchhandlung Morawa, Wollzeile 11, 1010 Wien</p>



<p class="wp-block-paragraph">Europäische Öffentlichkeit entstand nicht in Brüssel, sondern in Junglinster, Luxemburg. 1933 nahm dort ein Langwellensender den Betrieb auf, dessen Reichweite sich nicht um Staatsgrenzen kümmerte: kommerziell finanziert, mehrsprachig, aus einem Kleinstaat heraus &#8211; und für die Nachbarn ein Ärgernis, weil sich Öffentlichkeit plötzlich nicht mehr national einhegen ließ.</p>



<p class="wp-block-paragraph">Wolfgang Böhm (Journalist &amp; Autor, Träger des Europa-Staatspreises der Republik Österreich) führt in seinem neuen Roman&nbsp;<em>Wellenlänge</em>&nbsp;in diese Pionierzeit zurück und erzählt sie von beiden Seiten des Empfangsgeräts: von Eva, einer der ersten großen Stimmen des europäischen Rundfunks, deren Weg sich mit dem des Senders verschränkt, und von Felix, einem jungen Musikbegeisterten aus Aachen, für den das Einstellen der richtigen Frequenz zum Wagnis wird &#8211; und zum geistigen Widerstand gegen den Nationalsozialismus.</p>



<p class="wp-block-paragraph">Damals das Radio, heute die Plattformen: Beide Male entsteht Öffentlichkeit jenseits der Staaten, beide Male ringt Europa darum, wem der Raum gehört, in dem Europäerinnen und Europäer einander zuhören. Darüber und auch was eine grenzenlose Öffentlichkeit für nationale Grenzen bedeutet spricht Wolfgang Böhm im Anschluss an die Lesung mit Robert Menasse (Deutscher Buchpreis 2017, Europäischer Buchpreis 2023) und dem Publikum.</p>



<figure class="wp-block-image size-large"><img loading="lazy" decoding="async" width="768" height="1024" src="https://efb.at/wp-content/uploads/2026/09/Boehm_Main_Post-768x1024.png" alt="" class="wp-image-1118" srcset="https://efb.at/wp-content/uploads/2026/09/Boehm_Main_Post-768x1024.png 768w, https://efb.at/wp-content/uploads/2026/09/Boehm_Main_Post-225x300.png 225w, https://efb.at/wp-content/uploads/2026/09/Boehm_Main_Post-1152x1536.png 1152w, https://efb.at/wp-content/uploads/2026/09/Boehm_Main_Post-1536x2048.png 1536w, https://efb.at/wp-content/uploads/2026/09/Boehm_Main_Post-scaled.png 1920w" sizes="auto, (max-width: 768px) 100vw, 768px" /></figure>



<p class="wp-block-paragraph">Eine Veranstaltung der&nbsp;<strong>Europäischen Bewegung Österreich</strong>&nbsp;<strong>(EBÖ</strong>) und der&nbsp;<strong>Europäischen Föderalistischen Bewegung(EFB) Wien</strong>&nbsp;in Kooperation mit dem&nbsp;<strong>Verbindungsbüro des Europäischen Parlaments</strong>&nbsp;in Österreich.</p>



<div class="wp-block-group has-background" style="border-radius:6px;background-color:#f3f5f2;margin-top:36px;margin-bottom:28px;padding-top:30px;padding-right:28px;padding-bottom:30px;padding-left:28px"><div class="wp-block-group__inner-container is-layout-constrained wp-container-core-group-is-layout-e24afbcf wp-block-group-is-layout-constrained">
<h3 class="wp-block-heading" style="margin-top:0px;margin-bottom:8px;font-size:21px;font-style:normal;font-weight:700">Dabei sein</h3>



<p class="has-text-color wp-block-paragraph" style="color:#5f6660;margin-top:0px;margin-bottom:18px;font-size:15px;line-height:1.6">Die Plätze sind begrenzt, wir bitten um eine verbindliche Anmeldung.</p>



<div class="wp-block-buttons is-layout-flex wp-container-core-buttons-is-layout-3f825228 wp-block-buttons-is-layout-flex">
<div class="wp-block-button"><a class="wp-block-button__link has-text-color has-background has-custom-font-size wp-element-button" href="https://form.jotform.com/260512051824346" style="border-radius:3px;color:#ffffff;background-color:#357941;padding-top:14px;padding-right:26px;padding-bottom:14px;padding-left:26px;font-size:14px;font-style:normal;font-weight:600;letter-spacing:1px;text-transform:uppercase">Jetzt anmelden</a></div>



<div class="wp-block-button is-style-outline is-style-outline--1"><a class="wp-block-button__link has-text-color has-border-color has-custom-font-size wp-element-button" href="mailto:wien@efb.at" style="border-color:#357941;border-width:2px;border-radius:3px;color:#357941;padding-top:14px;padding-right:26px;padding-bottom:14px;padding-left:26px;font-size:14px;font-style:normal;font-weight:600;letter-spacing:1px;text-transform:uppercase">Frage stellen</a></div>
</div>
</div></div>



<div class="wp-block-group has-background" style="border-radius:6px;background-color:#f3f5f2;margin-top:40px;padding-top:30px;padding-right:28px;padding-bottom:30px;padding-left:28px"><div class="wp-block-group__inner-container is-layout-constrained wp-container-core-group-is-layout-a8903e3c wp-block-group-is-layout-constrained">
<h3 class="wp-block-heading" style="margin-top:0px;margin-bottom:8px;font-size:20px;font-style:normal;font-weight:700;line-height:1.3">Dieser Termin passt dir nicht?</h3>



<p class="has-text-color wp-block-paragraph" style="color:#5f6660;margin-top:0px;margin-bottom:20px;font-size:15px;line-height:1.6">Wir treffen uns regelmäßig in Wien, schau dir an, was sonst noch geplant ist, oder lass dich per Newsletter informieren.</p>



<div class="wp-block-buttons is-layout-flex wp-container-core-buttons-is-layout-3f825228 wp-block-buttons-is-layout-flex">
<div class="wp-block-button"><a class="wp-block-button__link has-text-color has-background has-custom-font-size wp-element-button" href="https://efb.at/?page_id=967#termine" style="border-radius:3px;color:#ffffff;background-color:#357941;padding-top:13px;padding-right:24px;padding-bottom:13px;padding-left:24px;font-size:14px;font-style:normal;font-weight:600;letter-spacing:1px;text-transform:uppercase">Alle Termine in Wien</a></div>



<div class="wp-block-button is-style-outline is-style-outline--2"><a class="wp-block-button__link has-text-color has-border-color has-custom-font-size wp-element-button" href="https://efb.at/?page_id=967#newsletter" style="border-color:#357941;border-width:2px;border-radius:3px;color:#357941;padding-top:13px;padding-right:24px;padding-bottom:13px;padding-left:24px;font-size:14px;font-style:normal;font-weight:600;letter-spacing:1px;text-transform:uppercase">Newsletter</a></div>
</div>
</div></div>



<p class="has-text-color wp-block-paragraph" style="color:#5f6660;margin-top:24px;font-size:14px;line-height:1.7">Veranstalter: Europäische Föderalistische Bewegung Österreich, Landesverband Wien · <a href="https://efb.at/?page_id=967" style="color:#2A6134">Zur Seite von EFB Wien</a></p>



<p class="wp-block-paragraph"></p>

<p>Wolfgang Böhm über seinen neuen Roman „Wellenlänge&#8220; im Gespräch mit Robert Menasse Dienstag, 29. September 2026&nbsp;Einlass: 18:30 Uhr | Beginn: 19:00 Uhr Buchhandlung Morawa, Wollzeile 11, 1010 Wien Europäische Öffentlichkeit entstand nicht in Brüssel, sondern in Junglinster, Luxemburg. 1933 nahm dort ein Langwellensender den Betrieb auf, dessen Reichweite sich nicht [&hellip;]</p>
