{"id":742,"date":"2026-03-10T23:05:31","date_gmt":"2026-03-10T22:05:31","guid":{"rendered":"https:\/\/efb.at\/?page_id=742"},"modified":"2026-08-31T21:17:36","modified_gmt":"2026-08-31T20:17:36","slug":"17-maerz-2026-treffpunkt-europa","status":"publish","type":"page","link":"https:\/\/efb.at\/?page_id=742","title":{"rendered":"15. September 2026 Treffpunkt Europa"},"content":{"rendered":"\n<ul class=\"wp-block-list\">\n<li>Dienstag, 15. September 2026, Beginn 18:00 Uhr&nbsp;<\/li>\n\n\n\n<li>Caf\u00e9 Ministerium | Georg-Coch-Platz 4 \/ Stubenring 6, 1010 Wien<\/li>\n<\/ul>\n\n\n\n<p class=\"wp-block-paragraph\">Thema:<strong>&nbsp;Update Gleichbehandlung: Wo steht \u00d6sterreich im EU-Vergleich?<\/strong><\/p>\n\n\n\n<p class=\"wp-block-paragraph\">Die EU-Lohntransparenzrichtlinie, die bis Juni 2026 umzusetzen war, hat in letzter Zeit f\u00fcr Debatte gesorgt. Wenn es um Antidiskriminierung, Equal Pay und echte Chancengleichheit geht, bewegen wir uns tats\u00e4chlich in einem dynamischen Spannungsfeld. Welche Verbesserungen bringt die EU-Richtlinie mit sich? Und wie schneidet \u00d6sterreich im Vergleich mit anderen europ\u00e4ischen L\u00e4ndern ab, wenn es um Gleichbehandlung geht? Wo sind wir an der Spitze und wo gibt es dringenden Nachholbedarf?<\/p>\n\n\n\n<p class=\"wp-block-paragraph\"><strong>Mag.a Sandra Konstatzky<\/strong>, Leiterin der Gleichbehandlungsanwaltschaft, gibt beim vierten Treffpunkt Europa einen Impulsvortrag \u00fcber die Lage zur Diskriminierung und Gleichstellung in \u00d6sterreich im europ\u00e4ischen Kontext und diskutiert im Anschluss mit den Teilnehmer*innen dar\u00fcber.<\/p>\n\n\n\n<p class=\"wp-block-paragraph\">Wir freuen uns auf Ihre aktive Teilnahme und auf eine inspirierende Diskussion in Kaffeehausatmosph\u00e4re.<br><\/p>\n\n\n\n<figure class=\"wp-block-image size-large\"><img loading=\"lazy\" decoding=\"async\" width=\"768\" height=\"1024\" src=\"https:\/\/efb.at\/wp-content\/uploads\/2026\/08\/TE4_ZitatKonstatzky_Post_2-768x1024.png\" alt=\"\" class=\"wp-image-1101\" srcset=\"https:\/\/efb.at\/wp-content\/uploads\/2026\/08\/TE4_ZitatKonstatzky_Post_2-768x1024.png 768w, https:\/\/efb.at\/wp-content\/uploads\/2026\/08\/TE4_ZitatKonstatzky_Post_2-225x300.png 225w, https:\/\/efb.at\/wp-content\/uploads\/2026\/08\/TE4_ZitatKonstatzky_Post_2-1152x1536.png 1152w, https:\/\/efb.at\/wp-content\/uploads\/2026\/08\/TE4_ZitatKonstatzky_Post_2-1536x2048.png 1536w, https:\/\/efb.at\/wp-content\/uploads\/2026\/08\/TE4_ZitatKonstatzky_Post_2-scaled.png 1920w\" sizes=\"auto, (max-width: 768px) 100vw, 768px\" \/><\/figure>\n\n\n\n<div class=\"wp-block-group has-background\" style=\"border-radius:6px;background-color:#f3f5f2;margin-top:36px;margin-bottom:28px;padding-top:30px;padding-right:28px;padding-bottom:30px;padding-left:28px\"><div class=\"wp-block-group__inner-container is-layout-constrained wp-container-core-group-is-layout-e24afbcf wp-block-group-is-layout-constrained\">\n<h3 class=\"wp-block-heading\" style=\"margin-top:0px;margin-bottom:8px;font-size:21px;font-style:normal;font-weight:700\">Dabei sein<\/h3>\n\n\n\n<p class=\"has-text-color wp-block-paragraph\" style=\"color:#5f6660;margin-top:0px;margin-bottom:18px;font-size:15px;line-height:1.6\">Die Pl\u00e4tze sind begrenzt, wir bitten um eine verbindliche Anmeldung.<\/p>\n\n\n\n<div class=\"wp-block-buttons is-layout-flex wp-container-core-buttons-is-layout-3f825228 wp-block-buttons-is-layout-flex\">\n<div class=\"wp-block-button\"><a class=\"wp-block-button__link has-text-color has-background has-custom-font-size wp-element-button\" href=\"https:\/\/form.jotform.com\/261267300432043\" style=\"border-radius:3px;color:#ffffff;background-color:#357941;padding-top:14px;padding-right:26px;padding-bottom:14px;padding-left:26px;font-size:14px;font-style:normal;font-weight:600;letter-spacing:1px;text-transform:uppercase\">Jetzt anmelden<\/a><\/div>\n\n\n\n<div class=\"wp-block-button is-style-outline is-style-outline--1\"><a class=\"wp-block-button__link has-text-color has-border-color has-custom-font-size wp-element-button\" href=\"mailto:wien@efb.at\" style=\"border-color:#357941;border-width:2px;border-radius:3px;color:#357941;padding-top:14px;padding-right:26px;padding-bottom:14px;padding-left:26px;font-size:14px;font-style:normal;font-weight:600;letter-spacing:1px;text-transform:uppercase\">Frage stellen<\/a><\/div>\n<\/div>\n<\/div><\/div>\n\n\n\n<div class=\"wp-block-group has-background\" style=\"border-radius:6px;background-color:#f3f5f2;margin-top:40px;padding-top:30px;padding-right:28px;padding-bottom:30px;padding-left:28px\"><div class=\"wp-block-group__inner-container is-layout-constrained wp-container-core-group-is-layout-a8903e3c wp-block-group-is-layout-constrained\">\n<h3 class=\"wp-block-heading\" style=\"margin-top:0px;margin-bottom:8px;font-size:20px;font-style:normal;font-weight:700;line-height:1.3\">Dieser Termin passt dir nicht?<\/h3>\n\n\n\n<p class=\"has-text-color wp-block-paragraph\" style=\"color:#5f6660;margin-top:0px;margin-bottom:20px;font-size:15px;line-height:1.6\">Wir treffen uns regelm\u00e4\u00dfig in Wien, schau dir an, was sonst noch geplant ist, oder lass dich per Newsletter informieren.<\/p>\n\n\n\n<div class=\"wp-block-buttons is-layout-flex wp-container-core-buttons-is-layout-3f825228 wp-block-buttons-is-layout-flex\">\n<div class=\"wp-block-button\"><a class=\"wp-block-button__link has-text-color has-background has-custom-font-size wp-element-button\" href=\"https:\/\/efb.at\/?page_id=967#termine\" style=\"border-radius:3px;color:#ffffff;background-color:#357941;padding-top:13px;padding-right:24px;padding-bottom:13px;padding-left:24px;font-size:14px;font-style:normal;font-weight:600;letter-spacing:1px;text-transform:uppercase\">Alle Termine in Wien<\/a><\/div>\n\n\n\n<div class=\"wp-block-button is-style-outline is-style-outline--2\"><a class=\"wp-block-button__link has-text-color has-border-color has-custom-font-size wp-element-button\" href=\"https:\/\/efb.at\/?page_id=967#newsletter\" style=\"border-color:#357941;border-width:2px;border-radius:3px;color:#357941;padding-top:13px;padding-right:24px;padding-bottom:13px;padding-left:24px;font-size:14px;font-style:normal;font-weight:600;letter-spacing:1px;text-transform:uppercase\">Newsletter<\/a><\/div>\n<\/div>\n<\/div><\/div>\n\n\n\n<p class=\"has-text-color wp-block-paragraph\" style=\"color:#5f6660;margin-top:24px;font-size:14px;line-height:1.7\">Veranstalter: Europ\u00e4ische F\u00f6deralistische Bewegung \u00d6sterreich, Landesverband Wien \u00b7 <a href=\"https:\/\/efb.at\/?page_id=967\" style=\"color:#2A6134\">Zur Seite von EFB Wien<\/a><\/p>\n","protected":false},"excerpt":{"rendered":"<p>Thema:&nbsp;Update Gleichbehandlung: Wo steht \u00d6sterreich im EU-Vergleich? Die EU-Lohntransparenzrichtlinie, die bis Juni 2026 umzusetzen war, hat in letzter Zeit f\u00fcr Debatte gesorgt. Wenn es um Antidiskriminierung, Equal Pay und echte Chancengleichheit geht, bewegen wir uns tats\u00e4chlich in einem dynamischen Spannungsfeld. Welche Verbesserungen bringt die EU-Richtlinie mit sich? Und wie schneidet [&hellip;]<\/p>\n","protected":false},"author":1,"featured_media":0,"parent":0,"menu_order":0,"comment_status":"closed","ping_status":"closed","template":"","meta":{"footnotes":""},"class_list":["post-742","page","type-page","status-publish","hentry"],"_links":{"self":[{"href":"https:\/\/efb.at\/index.php?rest_route=\/wp\/v2\/pages\/742","targetHints":{"allow":["GET"]}}],"collection":[{"href":"https:\/\/efb.at\/index.php?rest_route=\/wp\/v2\/pages"}],"about":[{"href":"https:\/\/efb.at\/index.php?rest_route=\/wp\/v2\/types\/page"}],"author":[{"embeddable":true,"href":"https:\/\/efb.at\/index.php?rest_route=\/wp\/v2\/users\/1"}],"replies":[{"embeddable":true,"href":"https:\/\/efb.at\/index.php?rest_route=%2Fwp%2Fv2%2Fcomments&post=742"}],"version-history":[{"count":10,"href":"https:\/\/efb.at\/index.php?rest_route=\/wp\/v2\/pages\/742\/revisions"}],"predecessor-version":[{"id":1102,"href":"https:\/\/efb.at\/index.php?rest_route=\/wp\/v2\/pages\/742\/revisions\/1102"}],"wp:attachment":[{"href":"https:\/\/efb.at\/index.php?rest_route=%2Fwp%2Fv2%2Fmedia&parent=742"}],"curies":[{"name":"wp","href":"https:\/\/api.w.org\/{rel}","templated":true}]}}

<ul class="wp-block-list">
<li>Dienstag, 15. September 2026, Beginn 18:00 Uhr&nbsp;</li>



<li>Café Ministerium | Georg-Coch-Platz 4 / Stubenring 6, 1010 Wien</li>
</ul>



<p class="wp-block-paragraph">Thema:<strong>&nbsp;Update Gleichbehandlung: Wo steht Österreich im EU-Vergleich?</strong></p>



<p class="wp-block-paragraph">Die EU-Lohntransparenzrichtlinie, die bis Juni 2026 umzusetzen war, hat in letzter Zeit für Debatte gesorgt. Wenn es um Antidiskriminierung, Equal Pay und echte Chancengleichheit geht, bewegen wir uns tatsächlich in einem dynamischen Spannungsfeld. Welche Verbesserungen bringt die EU-Richtlinie mit sich? Und wie schneidet Österreich im Vergleich mit anderen europäischen Ländern ab, wenn es um Gleichbehandlung geht? Wo sind wir an der Spitze und wo gibt es dringenden Nachholbedarf?</p>



<p class="wp-block-paragraph"><strong>Mag.a Sandra Konstatzky</strong>, Leiterin der Gleichbehandlungsanwaltschaft, gibt beim vierten Treffpunkt Europa einen Impulsvortrag über die Lage zur Diskriminierung und Gleichstellung in Österreich im europäischen Kontext und diskutiert im Anschluss mit den Teilnehmer*innen darüber.</p>



<p class="wp-block-paragraph">Wir freuen uns auf Ihre aktive Teilnahme und auf eine inspirierende Diskussion in Kaffeehausatmosphäre.<br></p>



<figure class="wp-block-image size-large"><img loading="lazy" decoding="async" width="768" height="1024" src="https://efb.at/wp-content/uploads/2026/08/TE4_ZitatKonstatzky_Post_2-768x1024.png" alt="" class="wp-image-1101" srcset="https://efb.at/wp-content/uploads/2026/08/TE4_ZitatKonstatzky_Post_2-768x1024.png 768w, https://efb.at/wp-content/uploads/2026/08/TE4_ZitatKonstatzky_Post_2-225x300.png 225w, https://efb.at/wp-content/uploads/2026/08/TE4_ZitatKonstatzky_Post_2-1152x1536.png 1152w, https://efb.at/wp-content/uploads/2026/08/TE4_ZitatKonstatzky_Post_2-1536x2048.png 1536w, https://efb.at/wp-content/uploads/2026/08/TE4_ZitatKonstatzky_Post_2-scaled.png 1920w" sizes="auto, (max-width: 768px) 100vw, 768px" /></figure>



<div class="wp-block-group has-background" style="border-radius:6px;background-color:#f3f5f2;margin-top:36px;margin-bottom:28px;padding-top:30px;padding-right:28px;padding-bottom:30px;padding-left:28px"><div class="wp-block-group__inner-container is-layout-constrained wp-container-core-group-is-layout-e24afbcf wp-block-group-is-layout-constrained">
<h3 class="wp-block-heading" style="margin-top:0px;margin-bottom:8px;font-size:21px;font-style:normal;font-weight:700">Dabei sein</h3>



<p class="has-text-color wp-block-paragraph" style="color:#5f6660;margin-top:0px;margin-bottom:18px;font-size:15px;line-height:1.6">Die Plätze sind begrenzt, wir bitten um eine verbindliche Anmeldung.</p>



<div class="wp-block-buttons is-layout-flex wp-container-core-buttons-is-layout-3f825228 wp-block-buttons-is-layout-flex">
<div class="wp-block-button"><a class="wp-block-button__link has-text-color has-background has-custom-font-size wp-element-button" href="https://form.jotform.com/261267300432043" style="border-radius:3px;color:#ffffff;background-color:#357941;padding-top:14px;padding-right:26px;padding-bottom:14px;padding-left:26px;font-size:14px;font-style:normal;font-weight:600;letter-spacing:1px;text-transform:uppercase">Jetzt anmelden</a></div>



<div class="wp-block-button is-style-outline is-style-outline--1"><a class="wp-block-button__link has-text-color has-border-color has-custom-font-size wp-element-button" href="mailto:wien@efb.at" style="border-color:#357941;border-width:2px;border-radius:3px;color:#357941;padding-top:14px;padding-right:26px;padding-bottom:14px;padding-left:26px;font-size:14px;font-style:normal;font-weight:600;letter-spacing:1px;text-transform:uppercase">Frage stellen</a></div>
</div>
</div></div>



<div class="wp-block-group has-background" style="border-radius:6px;background-color:#f3f5f2;margin-top:40px;padding-top:30px;padding-right:28px;padding-bottom:30px;padding-left:28px"><div class="wp-block-group__inner-container is-layout-constrained wp-container-core-group-is-layout-a8903e3c wp-block-group-is-layout-constrained">
<h3 class="wp-block-heading" style="margin-top:0px;margin-bottom:8px;font-size:20px;font-style:normal;font-weight:700;line-height:1.3">Dieser Termin passt dir nicht?</h3>



<p class="has-text-color wp-block-paragraph" style="color:#5f6660;margin-top:0px;margin-bottom:20px;font-size:15px;line-height:1.6">Wir treffen uns regelmäßig in Wien, schau dir an, was sonst noch geplant ist, oder lass dich per Newsletter informieren.</p>



<div class="wp-block-buttons is-layout-flex wp-container-core-buttons-is-layout-3f825228 wp-block-buttons-is-layout-flex">
<div class="wp-block-button"><a class="wp-block-button__link has-text-color has-background has-custom-font-size wp-element-button" href="https://efb.at/?page_id=967#termine" style="border-radius:3px;color:#ffffff;background-color:#357941;padding-top:13px;padding-right:24px;padding-bottom:13px;padding-left:24px;font-size:14px;font-style:normal;font-weight:600;letter-spacing:1px;text-transform:uppercase">Alle Termine in Wien</a></div>



<div class="wp-block-button is-style-outline is-style-outline--2"><a class="wp-block-button__link has-text-color has-border-color has-custom-font-size wp-element-button" href="https://efb.at/?page_id=967#newsletter" style="border-color:#357941;border-width:2px;border-radius:3px;color:#357941;padding-top:13px;padding-right:24px;padding-bottom:13px;padding-left:24px;font-size:14px;font-style:normal;font-weight:600;letter-spacing:1px;text-transform:uppercase">Newsletter</a></div>
</div>
</div></div>



<p class="has-text-color wp-block-paragraph" style="color:#5f6660;margin-top:24px;font-size:14px;line-height:1.7">Veranstalter: Europäische Föderalistische Bewegung Österreich, Landesverband Wien · <a href="https://efb.at/?page_id=967" style="color:#2A6134">Zur Seite von EFB Wien</a></p>

<p>Thema:&nbsp;Update Gleichbehandlung: Wo steht Österreich im EU-Vergleich? Die EU-Lohntransparenzrichtlinie, die bis Juni 2026 umzusetzen war, hat in letzter Zeit für Debatte gesorgt. Wenn es um Antidiskriminierung, Equal Pay und echte Chancengleichheit geht, bewegen wir uns tatsächlich in einem dynamischen Spannungsfeld. Welche Verbesserungen bringt die EU-Richtlinie mit sich? Und wie schneidet [&hellip;]</p>
