{"id":792,"date":"2026-05-09T13:13:41","date_gmt":"2026-05-09T12:13:41","guid":{"rendered":"https:\/\/efb.at\/?page_id=792"},"modified":"2026-05-09T13:26:57","modified_gmt":"2026-05-09T12:26:57","slug":"mitglied-werden","status":"publish","type":"page","link":"https:\/\/efb.at\/?page_id=792","title":{"rendered":"Mitglied werden"},"content":{"rendered":"\n<p>Wir freuen uns \u00fcber Ihr Interesse an einer Mitgliedschaft! So unterst\u00fctzen Sie uns ideell wie finanziell, erhalten immer neueste Informationen \u00fcber unsere Aktivit\u00e4ten und tragen zu unserer Arbeit f\u00fcr ein geeintes Europa bei.<\/p>\n\n\n\n<p>Die EFB \u00d6sterreich ist f\u00f6deral strukturiert. Die Mitgliedschaft wird in einem Landesverband oder einer ihrer Jugendorganisationen (bis 30 Jahre) erworben. In Bundesl\u00e4ndern, in denen noch kein Landes-verband besteht, oder auf ausdr\u00fccklichen Wunsch ist eine Aufnahme durch den Bundesverband m\u00f6glich. Der Landes- bzw. Bundesvorstand entscheidet \u00fcber Annahme des Antrags. Mindestalter 18 Jahre.<\/p>\n\n\n\n<p>So werden Sie Mitglied:<\/p>\n\n\n\n<ul class=\"wp-block-list\">\n<li><strong>EFB K\u00e4rnten, Vorarlberg, Wien sowie Bundesverband<\/strong>: F\u00fcllen Sie bitte das allgemeine Antragsformular unten aus und senden Sie es an <a href=\"mailto:office@efb.at\">office@efb.at<\/a>.<\/li>\n\n\n\n<li><strong>EFB Steiermark<\/strong>: Bitte Formular unter <a href=\"https:\/\/efb-steiermark.at\">efb-steiermark.at<\/a> ausf\u00fcllen.<\/li>\n\n\n\n<li><strong>EFB Ober\u00f6sterreich<\/strong>: F\u00fcllen Sie bitte das <a href=\"https:\/\/efb.at\/?page_id=128\">Antragsformular f\u00fcr Ober\u00f6sterreich<\/a> aus.<\/li>\n<\/ul>\n\n\n\n<div data-wp-interactive=\"core\/file\" class=\"wp-block-file\"><object data-wp-bind--hidden=\"!state.hasPdfPreview\" hidden class=\"wp-block-file__embed\" data=\"https:\/\/efb.at\/wp-content\/uploads\/2026\/05\/EFB-Antrag-Mitgliedschaft.pdf\" type=\"application\/pdf\" style=\"width:100%;height:600px\" aria-label=\"Einbettung von EFB Antrag Mitgliedschaft.\"><\/object><a id=\"wp-block-file--media-95d5eb61-e060-4d83-aae8-a4ce185d3fc5\" href=\"https:\/\/efb.at\/wp-content\/uploads\/2026\/05\/EFB-Antrag-Mitgliedschaft.pdf\">EFB Antrag Mitgliedschaft<\/a><a href=\"https:\/\/efb.at\/wp-content\/uploads\/2026\/05\/EFB-Antrag-Mitgliedschaft.pdf\" class=\"wp-block-file__button wp-element-button\" download aria-describedby=\"wp-block-file--media-95d5eb61-e060-4d83-aae8-a4ce185d3fc5\">Herunterladen<\/a><\/div>\n","protected":false},"excerpt":{"rendered":"<p>Wir freuen uns \u00fcber Ihr Interesse an einer Mitgliedschaft! So unterst\u00fctzen Sie uns ideell wie finanziell, erhalten immer neueste Informationen \u00fcber unsere Aktivit\u00e4ten und tragen zu unserer Arbeit f\u00fcr ein geeintes Europa bei. Die EFB \u00d6sterreich ist f\u00f6deral strukturiert. Die Mitgliedschaft wird in einem Landesverband oder einer ihrer Jugendorganisationen (bis [&hellip;]<\/p>\n","protected":false},"author":1,"featured_media":0,"parent":0,"menu_order":0,"comment_status":"closed","ping_status":"closed","template":"","meta":{"footnotes":""},"class_list":["post-792","page","type-page","status-publish","hentry"],"_links":{"self":[{"href":"https:\/\/efb.at\/index.php?rest_route=\/wp\/v2\/pages\/792","targetHints":{"allow":["GET"]}}],"collection":[{"href":"https:\/\/efb.at\/index.php?rest_route=\/wp\/v2\/pages"}],"about":[{"href":"https:\/\/efb.at\/index.php?rest_route=\/wp\/v2\/types\/page"}],"author":[{"embeddable":true,"href":"https:\/\/efb.at\/index.php?rest_route=\/wp\/v2\/users\/1"}],"replies":[{"embeddable":true,"href":"https:\/\/efb.at\/index.php?rest_route=%2Fwp%2Fv2%2Fcomments&post=792"}],"version-history":[{"count":6,"href":"https:\/\/efb.at\/index.php?rest_route=\/wp\/v2\/pages\/792\/revisions"}],"predecessor-version":[{"id":810,"href":"https:\/\/efb.at\/index.php?rest_route=\/wp\/v2\/pages\/792\/revisions\/810"}],"wp:attachment":[{"href":"https:\/\/efb.at\/index.php?rest_route=%2Fwp%2Fv2%2Fmedia&parent=792"}],"curies":[{"name":"wp","href":"https:\/\/api.w.org\/{rel}","templated":true}]}}